 highest common factor of 10090 and 2160?
10
Calculate the greatest common factor of 70239 and 26.
13
What is the highest common factor of 2356 and 8866?
62
What is the highest common divisor of 1521 and 5239?
169
What is the highest common factor of 494888 and 8?
8
Calculate the highest common factor of 2353 and 1937.
13
Calculate the greatest common divisor of 1324 and 7747386.
662
What is the highest common factor of 16652 and 644?
92
What is the highest common divisor of 75725 and 10951?
233
What is the greatest common divisor of 1524 and 4195572?
1524
What is the greatest common factor of 212735 and 157?
157
Calculate the greatest common divisor of 81654 and 93.
93
What is the highest common divisor of 641652 and 24?
12
Calculate the greatest common factor of 1761 and 2.
1
What is the greatest common factor of 642855 and 510?
255
Calculate the highest common divisor of 5379048 and 1944.
1944
Calculate the greatest common divisor of 42582 and 7614.
282
Calculate the highest common factor of 22306 and 1862.
38
What is the greatest common divisor of 11 and 8369658?
11
Calculate the highest common divisor of 36 and 874602.
18
What is the highest common divisor of 4840 and 760?
40
Calculate the highest common divisor of 370 and 1036.
74
What is the highest common factor of 7 and 40747?
7
Calculate the highest common factor of 229709 and 58.
29
What is the greatest common factor of 904 and 4728?
8
What is the greatest common divisor of 15466 and 127798?
814
Calculate the greatest common divisor of 274400 and 17920.
1120
Calculate the highest common divisor of 5330 and 1105.
65
What is the highest common factor of 31561 and 9583?
37
What is the greatest common factor of 87075 and 1134?
81
Calculate the greatest common divisor of 172516 and 17.
17
Calculate the highest common factor of 256 and 320.
64
Calculate the greatest common divisor of 496825 and 1190.
595
Calculate the greatest common divisor of 2882 and 198.
22
What is the highest common divisor of 836186 and 1508?
754
Calculate the highest common divisor of 248209 and 3172.
793
What is the highest common factor of 858 and 10538?
22
Calculate the greatest common divisor of 1699308 and 468.
468
What is the greatest common factor of 1804 and 6380?
44
What is the greatest common divisor of 5362 and 350?
14
Calculate the highest common factor of 44 and 284252.
4
What is the highest common divisor of 38511 and 396?
99
What is the greatest common divisor of 12469 and 1073?
37
Calculate the greatest common divisor of 512 and 283776.
128
What is the greatest common factor of 197801 and 223?
223
Calculate the highest common factor of 11664 and 114372.
324
What is the greatest common divisor of 216 and 16296?
24
What is the greatest common divisor of 42505777 and 89?
89
What is the greatest common factor of 6980 and 5500?
20
What is the greatest common factor of 2525 and 275?
25
Calculate the greatest common divisor of 51 and 4783443.
51
Calculate the greatest common divisor of 6832 and 443104.
976
Calculate the highest common divisor of 129058 and 346.
346
What is the highest common factor of 17954 and 13370?
382
What is the greatest common divisor of 272 and 142256?
272
What is the greatest common factor of 107 and 382097?
107
Calculate the highest common factor of 353 and 2897424.
353
What is the greatest common factor of 362999 and 39?
13
Calculate the highest common divisor of 17992 and 3224.
104
What is the greatest common factor of 35786 and 1218?
58
What is the greatest common divisor of 75 and 389175?
75
Calculate the greatest common divisor of 221 and 3159.
13
Calculate the highest common divisor of 196 and 2164.
4
What is the greatest common factor of 34 and 2215083?
17
Calculate the greatest common divisor of 180 and 605060.
20
What is the greatest common factor of 210757 and 503?
503
Calculate the greatest common divisor of 2 and 1083.
1
What is the greatest common divisor of 20 and 5395?
5
Calculate the greatest common divisor of 55 and 482845.
55
What is the greatest common divisor of 7516 and 72?
4
What is the greatest common divisor of 20387 and 259?
37
Calculate the highest common divisor of 276465 and 210.
105
What is the greatest common factor of 419802 and 61?
61
What is the greatest common divisor of 1468 and 651058?
734
Calculate the highest common divisor of 685 and 1195.
5
Calculate the highest common divisor of 45 and 23385.
15
Calculate the highest common factor of 936 and 4248.
72
Calculate the highest common factor of 48 and 149488.
16
Calculate the greatest common divisor of 21158 and 34.
2
What is the greatest common factor of 69882 and 228?
114
Calculate the greatest common factor of 82 and 106805.
41
Calculate the greatest common factor of 913 and 10222861.
913
Calculate the greatest common divisor of 7 and 142009.
7
What is the highest common factor of 39379 and 106?
53
What is the highest common factor of 19584 and 684?
36
What is the greatest common factor of 228020 and 100?
20
What is the highest common divisor of 1044 and 12789?
261
Calculate the highest common factor of 26441 and 685.
137
Calculate the greatest common factor of 25040 and 320.
80
What is the highest common factor of 13961 and 30350?
607
What is the highest common factor of 186 and 38750?
62
What is the greatest common factor of 950650 and 600?
50
What is the greatest common factor of 42705 and 138554?
949
What is the highest common divisor of 83499 and 1053?
39
What is the greatest common divisor of 216 and 175704?
24
What is the greatest common divisor of 251042 and 22?
22
Calculate the greatest common factor of 1578680 and 19520.
2440
Calculate the greatest common divisor of 244 and 11468.
244
Calculate the greatest common factor of 407378 and 22306.
1174
What is the highest common divisor of 255 and 70500?
15
What is the highest common divisor of 11270 and 14950?
230
Calculate the highest common divisor of 25363 and 143.
13
Calculate the greatest common factor of 2611 and 161.
7
Calculate the highest common factor of 7358 and 12.
2
Calculate the highest common factor of 30 and 12102.
6
Calculate the greatest common factor of 2002 and 3001999.
1001
What is the greatest common factor of 44585 and 2651?
241
Calculate the highest common factor of 1285723 and 23.
23
What is the highest common factor of 7171540 and 124?
124
What is the greatest common factor of 583455 and 2037?
291
What is the highest common divisor of 9 and 57231?
9
Calculate the highest common factor of 54528 and 80940.
852
Calculate the highest common divisor of 96462 and 16767.
207
Calculate the highest common factor of 410 and 1233280.
410
Calculate the greatest common factor of 175439 and 123.
41
What is the greatest common factor of 10764 and 29016?
468
What is the greatest common factor of 7663 and 7275?
97
Calculate the highest common divisor of 280 and 1994552.
56
Calculate the greatest common factor of 817224 and 12.
12
What is the highest common factor of 7192276 and 364?
364
What is the highest common divisor of 10010 and 880?
110
What is the greatest common divisor of 390831 and 777?
777
What is the highest common divisor of 8365 and 1935661?
1673
What is the greatest common factor of 216 and 2133594?
54
Calculate the greatest common factor of 651 and 23653.
217
What is the greatest common factor of 31409 and 275630?
641
Calculate the highest common factor of 2123 and 13703.
193
What is the highest common factor of 2779 and 3437?
7
What is the greatest common factor of 651 and 51801?
93
Calculate the highest common divisor of 1990 and 4264570.
1990
What is the greatest common factor of 57831 and 4168?
521
Calculate the highest common divisor of 2227 and 697.
17
Calculate the greatest common factor of 5252 and 101404.
404
Calculate the highest common factor of 493 and 11832.
493
Calculate the highest common factor of 4815 and 6129.
9
What is the highest common factor of 380 and 130820?
20
What is the greatest common factor of 345 and 145245?
345
What is the greatest common divisor of 216 and 756600?
24
What is the highest common factor of 1260 and 1071?
63
Calculate the greatest common divisor of 3486 and 4746.
42
What is the highest common divisor of 19186 and 23168?
362
What is the highest common divisor of 376